x(f) - 4*i(f). Calculate q(-4).
-2
Let s(t) = -3*t + 1. Let n(y) = -22*y - 1. Let c(k) = -n(k) + 6*s(k). Give c(7).
35
Let c(y) = 2*y**2 - y - 5. Let g(w) = 3*w**2 + 20*w + 5. Let o(v) = -2*c(v) + g(v). What is o(23)?
-8
Suppose 17 = -5*c - f - 16, 3*f = -9. Let j(v) be the second derivative of v**5/20 + 5*v**4/12 - 7*v**3/6 + 3*v**2 - 11*v. Give j(c).
12
Let f(m) = 11 - m**3 + 946*m + 952*m - 7*m**2 - 1887*m. Give f(-8).
-13
Let w be (-1)/2*(-4)/2. Let k(r) be the first derivative of 2*r**3/3 + r**2/2 + 38. Determine k(w).
3
Let a(q) = -2*q. Let f be a(-1). Suppose 0 = -f*t - 2*b, 4*t - 2*b - 21 = -t. Let g(h) = -h**3 + 2*h + 1. Calculate g(t).
-20
Let z(w) be the third derivative of -1/12*w**4 + 1/60*w**5 + 6*w**2 + 0 - 1/6*w**3 + 0*w. Determine z(-1).
2
Let x = -64 + 68. Let n(g) = -7*g**2 - x + g**3 + 5 + 0 + 7 - 6*g. Determine n(8).
24
Let k be (15/(-6) + 3)*8. Let a(s) = -s + 2. Let b(l) = -6*l + 15. Let c(h) = 15*a(h) - 2*b(h). What is c(k)?
-12
Let u(d) = d**3 - 5*d**2 + 4*d - 6. Let s be u(5). Let w(t) = -t**2 + s - 20 + 13 - 6*t. Determine w(-7).
0
Let h = -2 - -15. Suppose h = -4*i + 9. Let g be (-3 - (1 + i)) + 0. Let t(b) = -b**2 - b + 2. Give t(g).
-4
Let i(w) = w + 3685 + w**2 - 3687 + 0*w. Determine i(2).
4
Let h(m) be the second derivative of -m**5/20 - 5*m**4/12 - 16*m - 2. What is h(-6)?
36
Let u(z) = z**3 + 2*z**2 + 3*z + 1. Let b = 358 - 360. What is u(b)?
-5
Let d(o) be the second derivative of 2*o**4/3 + o**3/6 - 5*o**2/2 - 510*o. Determine d(2).
29
Let q(b) = 6*b - 7. Let w(o) = -o + 1. Let i(c) = 2*q(c) + 10*w(c). Give i(2).
0
Let d be 2 - -1 - 144/9. Let o(k) = k**3 + 14*k**2 + 16*k + 11. Calculate o(d).
-28
Let z(o) be the third derivative of -1/60*o**5 + 1/3*o**3 + 1/3*o**4 + 11*o**2 + 0 + 0*o. Suppose -d - 2*s - 2*s + 14 = 0, 28 = 3*d + 5*s. Give z(d).
14
Let h = 99 + -95. Suppose -v - 29 = -h*z - 6*v, -3*z + 19 = v. Let j(s) = -s + 5. What is j(z)?
-1
Suppose -12 = 4*p, 0*o = 4*o - 4*p - 156. Let v(r) = -o - 37 - r + 74 - r**3 - 4*r**2. Calculate v(-3).
-5
Let b(j) = j + 7. Let p be b(-3). Let s(k) = p*k**2 - 2*k**2 - 5*k**2. Give s(1).
-3
Let h = -25 - -24. Let d = h + -6. Let c(b) = b**3 + 6*b**2 - 9*b - 9. Determine c(d).
5
Let u(h) = -2*h - 6. Let b(c) = c + 1. Let s(k) = 3*b(k) + u(k). Let j(y) = y**3 - 5*y**2 - 5*y - 3. Let r be j(6). Calculate s(r).
0
Let z(y) be the third derivative of -y**5/30 + y**4/12 - y**3/6 - y**2. Let p be (-4)/(-14) - (-153)/(-21). Let a = -6 - p. Determine z(a).
-1
Let f(z) be the second derivative of z**3/3 - 19*z**2/2 + 16*z - 2. Determine f(15).
11
Let u(o) = o - 3. Let z(j) = -4*j**3 - 9*j**2 - j + 8. Let s(n) = 5*n**3 + 10*n**2 - 7. Let q(t) = 3*s(t) + 4*z(t). Let d be q(-5). Determine u(d).
3
Let s(f) = -4*f - 20. Let u be 1 + -3 + 2 - (-17 + 24). Determine s(u).
8
Let j(x) be the second derivative of x**5/20 - 5*x**4/12 - x**3/3 + 2*x**2 - x. Let c be (25/10 - 5)*(-16)/(-10). Let i be 3/c + (-138)/(-24). Give j(i).
-6
Suppose 0 = 59*o + 49 + 69. Let m(t) be the first derivative of 2*t**3/3 + t**2/2 + 2*t + 2. What is m(o)?
8
Suppose -4*n + 4 = -5*p + 29, 4*n + 3*p = 15. Suppose -m - 4*m + 3*y = n, -3*y = 0. Suppose -2*s + m*s = 4. Let x(d) = 3*d + 1. Determine x(s).
-5
Let h(i) be the second derivative of -i**5/20 - 7*i**4/12 - 4*i**3/3 - 7*i**2/2 + 7*i - 5. What is h(-5)?
-17
Let g = -2 - -4. Let a(w) = 2*w + 1. Let f(j) = 7 - 8 + 20*j + 3. Let p(b) = -5*a(b) + f(b). What is p(g)?
17
Let b(i) = 0*i + 3*i + 1 - 2 - i + 3*i. Suppose m = 3*w - 14, 21 = -2*m - 2*m + 5*w. Give b(m).
4
Suppose -2*y + 3*h = 2*y + 39, -h - 19 = 4*y. Let w be ((-20)/30)/(1/y). Suppose 0 = 5*j - 25, -4*u + 0*j + 24 = w*j. Let x(o) = -8*o**2 - 2*o + 1. Give x(u).
-9
Let l be ((-16)/(-6) + -1)*3. Let z(q) = 4*q + l - 18 - 3*q + 8. What is z(0)?
-5
Let o(p) = p**3 - 3*p**2 + 5*p - 8. Let x be o(3). Let a(d) = d**2 - 8*d + 6. Calculate a(x).
-1
Let w be ((-6)/10)/(3/15). Let v(a) = 3*a**3 + 14*a**2 - 12*a. Let r(x) = x**3 + 5*x**2 - 4*x. Let d = 4 + -12. Let s(h) = d*r(h) + 3*v(h). Determine s(w).
3
Let d(f) be the third derivative of -f**7/1260 + f**6/240 - f**5/120 - 9*f**4/8 + 20*f**2. Let q(i) be the second derivative of d(i). Calculate q(3).
-10
Let g(f) = f**2 - 3*f - 31. Let x be g(0). Let q = x - -25. Let p(s) = s**2 + 9*s + 8. Give p(q).
-10
Suppose -2*o = -19*o + 6*o. Let q(u) = u**2 + 24. What is q(o)?
24
Let v(q) be the first derivative of -q**3/3 + 7*q**2/2 + 15*q - 506. What is v(8)?
7
Let o(p) = 16*p - 7. Let w(a) = -3*a + 1. Let k(n) = o(n) + 4*w(n). Give k(3).
9
Let t(d) = 2 + 2*d + 2*d - 13 + 10 - 2*d. Give t(8).
15
Let b = 4 + 2. Let g(v) be the first derivative of -v**3/3 + 7*v**2/2 + 2*v + 2. Determine g(b).
8
Suppose 3 = -5*m + 18. Let u(q) = m*q - q - q + 3 + q. Let l(k) = k + 3. Let t(w) = -4*l(w) + 5*u(w). What is t(-2)?
-9
Let r = -33 - -59. Let y = 25 - r. Let n(w) = -1. Let b(m) = -m - 4. Let t(l) = y*b(l) + 4*n(l). Determine t(1).
1
Suppose 5 = -5*y, -13*k + 3*y = -16*k. Let u = 2 + 1. Let v(o) = -3 + 3 + u*o. What is v(k)?
3
Let s(n) = -4*n - 5*n + 0*n - n + 14*n. Give s(-1).
-4
Let h(f) = 2*f**2 - 2*f - 1 - 5*f + f**2. Let o(m) = -6*m**2 + 11*m + m**2 + 2*m + 0 + 1. Let n(g) = 7*h(g) + 4*o(g). Determine n(-4).
1
Let u(s) = s**3 - 6*s**2 - 6*s - 4. Let v be u(7). Let z be v - -9 - (2 - 0). Let n(w) = z + w + 2 - w**2 - 4 + 3. Calculate n(0).
11
Let l(u) be the third derivative of -u**4/8 + 2*u**3/3 + 19*u**2. Calculate l(4).
-8
Let b(t) = -t**3 + 2*t**2 + 2*t - 7. Let d be b(3). Let p be 9/2*d/(-15). Let y(c) = -c**2 + 10*c**3 - 6*c**p + 10*c**3. Determine y(-1).
-15
Suppose 0 = -3*v + 6*v - 3. Let g be (-9)/(-18)*v*12. Let y(p) = -3*p**2 - 6*p**3 + 2 - g + 7*p**3 + 1. Calculate y(3).
-3
Let m(y) be the second derivative of y**3/6 + 3*y**2 + y. Let x(b) = -b**3 - 9*b**2 - 9*b - 8. Let c be 2/(-4)*0 + -8. Let l be x(c). Calculate m(l).
6
Let f(a) be the third derivative of -a**5/60 - a**4/3 + 4*a**2. Let d be f(-7). Let s(g) = -g**3 + d*g - 6*g**2 - 4 + 3*g**3 - g**3. Determine s(5).
6
Let l(j) be the second derivative of 0 + 1/20*j**5 - 1/12*j**4 + 3/2*j**2 - 1/2*j**3 - 41*j. Determine l(2).
1
Let c(b) be the third derivative of 0*b - 2/3*b**3 + 1/60*b**5 + 0 + 19*b**2 + 0*b**4. Suppose 6 + 0 = 2*u. What is c(u)?
5
Let r(t) = -t**3 - 5*t**2 - 6*t + 6. Suppose -85 = 12*h - 25. Determine r(h).
36
Let y(u) = -u**2 + u - 3. Let t(q) = 2*q + 12. Suppose -3*d = 2*d + 20, 0 = -2*v - 4*d - 6. Suppose -9*b = -v*b + 24. Let z be t(b). Calculate y(z).
-3
Let u(m) = m - 1. Let v = -63 + 31. Let r = -10 - v. Let g = r - 19. What is u(g)?
2
Let i(g) = -g**3 + 5*g**2 + 6*g + 1. Suppose 3*b + 162 = -4*q, 2*b = -4*q + b - 158. Let r = q + 45. What is i(r)?
1
Let b(y) be the third derivative of 7*y**4/24 + y**3/2 - y**2 - 9. Determine b(-4).
-25
Suppose -16*w = -11*w - 20. Let p(l) = -l - w*l + 3*l - 1 + 3*l. Determine p(3).
2
Let z(h) = -h**3 - 4*h**2 + 6*h + 15. Let t(x) = -4*x**3 - 16*x**2 + 24*x + 63. Let k(y) = -2*t(y) + 9*z(y). Calculate k(-5).
4
Suppose 0 = -36*z + 31*z + 30. Let y(n) be the first derivative of n**4/12 - 5*n**3/6 + n**2/2 - 1. Let w(k) be the second derivative of y(k). Determine w(z).
7
Let y(f) = -f**3 + f. Let d(m) = 2*m**3 - 2*m + 13. Let s(b) = d(b) + y(b). Let i = 347 + -347. What is s(i)?
13
Let y(d) = -d**2 + 12*d - 9. Let h be (-12)/((-7)/7)*(3 - 2). Calculate y(h).
-9
Let h(r) = r**2 + r - 3. Suppose -89 = o - 25. Let z = -60 - o. Give h(z).
17
Let g(k) = 30 - 390*k + 406*k - k**2 - 75. Give g(12).
3
Let c(f) = 0*f**2 + 2 - f + f**2 - 1 + f**3. Let z = -4 - -19. Let s be (-6)/z + (18/(-5) - -4). Calculate c(s).
1
Let r(x) = -x**3 + 3*x**2 + x + 2. Let s be r(3). Suppose s*v = -1 - 4. Let z(p) = -7*p - 1. Determine z(v).
6
Let b(i) be the second derivative of 1/12*i**4 - 13/20*i**5 + 0*i**3 + 0*i**2 + 0 - 5*i. What is b(-1)?
14
Let j(r) = -3 - 6 + 4 - 5 + r**3 + 6*r - 5*r + 8*r**2. Give j(-8).
-18
Let a(m) = m**3 + m**2 + m - 2. Let b(u) = 3*u**3 - 2*u**2 + 5*u - 8. Let i(y) = -2*a(y) + b(y). Determine i(4).
8
Let i(w) = 2*w + 22 - 2 - 2 - 7 - 5. Calculate i(-6).
-6
Suppose 0*c = -c + 6. Let o be c*1/(-2) + 0. Let h(w) = -w**3 - 4*w**2 - 2 - 21*w + 18*w - 1. Give h(o).
-3
Let o be ((-8)/16)/(2/20). Let k(a) = 32 + 5*a - 76 + a**2 + 39. Give k(o).
-5
Let x